 What is the tens digit of o?
1
Let x = -78 - -242. What is the units digit of x?
4
Let o = 29 - 27. Let u = o + 64. What is the units digit of u?
6
Suppose 4*y + 27*f - 24*f = 20128, 2*y - 10042 = 4*f. What is the hundreds digit of y?
0
Suppose -5*d - 39 = -6*d - 3*t, 2*d + 3*t = 93. Suppose -3*p = -h + d, 3*p + 188 = 4*h + 5*p. What is the tens digit of h?
4
Let o(z) = -z**2 + 5*z + 8. Let h = -3 + 8. What is the units digit of o(h)?
8
Let n = 1004 + -300. What is the tens digit of n?
0
Suppose -8*t + 1640 = -3*t. Let c = -227 + t. What is the units digit of c?
1
Let s = -95 - -98. Suppose 4*z - 851 = -s*u, -333 = -3*z + 3*u + 300. What is the tens digit of z?
1
Suppose -6*u + 16 = 28. Let i(q) = 16*q**2 + q + 3. What is the units digit of i(u)?
5
Suppose 0 = 3*f - 23 - 7. Let t(i) = -5*i - 21. Let a be t(f). Let z = 112 + a. What is the tens digit of z?
4
Let d = -10 - -66. Suppose -7*z = -9*z + d. What is the units digit of z?
8
Suppose -5*y + 2369 - 614 = 0. What is the hundreds digit of y?
3
Let y be (1 + (-29)/(-2))*4. Let a = 106 - y. What is the tens digit of a?
4
Let m(g) = 5*g**3 - 3*g**2 - 3*g + 33. Let h(t) = 4*t**3 - 2*t**2 - 2*t + 33. Let p(j) = 3*h(j) - 2*m(j). What is the units digit of p(0)?
3
Suppose -c + 3*b + 464 = b, -4*c = b - 1838. Suppose -5*k + 480 + c = 0. What is the units digit of (k/(-6))/((-8)/12)?
7
Suppose 0 = 4*u + 138 - 194. Suppose 0 = 16*t - u*t - 308. What is the hundreds digit of t?
1
Suppose 3405 + 697 = 14*a. What is the units digit of a?
3
Let u(g) = 25*g**3 + 4*g**2 - 3*g - 1. What is the tens digit of u(2)?
0
Suppose -29*k = 7*k - 11412. What is the units digit of k?
7
Suppose 0 = -h + 6 - 1. Suppose h*a - 15 = 4*i, 0*i - 5*i = 2*a + 27. What is the units digit of 76/i*50/(-20)?
8
Let w(b) = b**3 - 10*b**2 + 9*b + 2. Let y be w(9). Suppose y*n + 6 + 4 = d, -n + 67 = 4*d. What is the units digit of d?
6
Let o = 636 + -211. What is the tens digit of o?
2
Let l be (4/12)/1*0. Let p(o) = o**3 - o**2 + 70. Let d be p(l). Suppose -6*y + 31 = -5*y - 5*r, -d = -4*y + 2*r. What is the tens digit of y?
1
Suppose 4*q + 2*d - 32 - 4 = 0, -q + 2*d = 1. Suppose 0 = 4*n - q - 25. What is the units digit of n?
8
Let q be (-16)/(-7) - (-52)/(-182). Suppose 3*x + 5*c = 505, q*c + 0*c = 3*x - 512. What is the units digit of x?
0
Let g(l) = -l**3 - 48*l**2 + 68*l + 51. What is the thousands digit of g(-50)?
1
Suppose -5*c + 3725 - 245 = 0. What is the hundreds digit of c?
6
What is the tens digit of 8/((-240)/(-4210)) - (-2)/(-6)?
4
Let y = -437 + 845. What is the units digit of y?
8
Let g(h) = 2*h + 15. Let p be g(-5). Suppose p*i - 621 = 154. What is the tens digit of i?
5
Let i be ((-6)/(-8))/(-1) - 4811/(-68). Let h = i - -2. What is the units digit of h?
2
Let r = 728 - 157. What is the tens digit of r?
7
Suppose 2*w - 15 - 33 = 0. Suppose 5*z = 2*q - w, 5*q + 24 = 7*q + 5*z. What is the tens digit of q?
1
Suppose -2*l - l + 18 = 0. Let j(c) = -c**2 + 7*c - 1. Let i be j(l). Suppose -i*k = 2*x - 41, 0*x + 17 = 4*x - 3*k. What is the units digit of x?
8
Let p = 1 - -35. Suppose 0 = 43*u - 39*u - p. What is the units digit of u?
9
What is the tens digit of 3/(-9) + 13/((-429)/(-122804))?
2
Suppose -194*y = -208*y + 32228. What is the thousands digit of y?
2
Let y(m) = m**3 - 5*m**2 + 5*m. Let n be y(4). Suppose -n*r - r = -300. What is the units digit of r?
0
What is the tens digit of (-1767)/(-21)*(-4 + 11)?
8
Suppose -4*d - 201 - 43 = 0. What is the units digit of d*((-6)/(-9))/(10/(-15))?
1
What is the tens digit of (328944/49)/4 - 10/35?
7
Suppose -n + 4 = -9. Let r = 11 - n. What is the units digit of 1*(-1 + 0 - r)?
1
Suppose 26 + 5 = 5*m + 3*z, -m - 5 = -5*z. Let c = -2 + m. What is the units digit of (c + 4)/1 - 2?
5
Suppose -3*t + 4 = -2. Suppose t*n - 68 = -2*n. What is the units digit of n?
7
Suppose 3*h = h + 5*f + 10, -4 = 4*h + 2*f. Suppose h = -9*q + 3382 - 1276. What is the units digit of q?
4
Suppose -55 - 47 = -u. Let i = -59 + u. What is the units digit of i?
3
Let g(y) = -y - 8. Let i be g(-10). Let k be -10 - (-12)/8*i. What is the units digit of k/21*(-6)/1?
2
Let p(z) be the first derivative of z**3/3 + 3*z**2/2 + 3. What is the tens digit of p(3)?
1
Let v(x) = 2*x**2 - 36*x + 700. What is the tens digit of v(0)?
0
Suppose -962*c = -958*c - 864. What is the hundreds digit of c?
2
Let w(h) = 2*h**3 - 66*h**2 - 13*h - 46. What is the tens digit of w(34)?
2
Let d be (-105)/(-6)*(-3 + 1). Let x = d - -38. What is the units digit of x?
3
Let a be 1*(-15)/(-10)*12. Suppose v - 2 + a = 0. Let x = 4 - v. What is the units digit of x?
0
Let r = 11 + -13. Let q be -9 + (1 - 6/r). Let z = q - -7. What is the units digit of z?
2
Suppose -11*c - 40 = -7*c. What is the tens digit of (0 + (-348)/c)/(15/50)?
1
Suppose 83*p - 77981 = 19544. What is the thousands digit of p?
1
Let n = -37 + 15. Let b be -2*(2 + 1/2). What is the units digit of (4 - n/b)*-145?
8
What is the tens digit of 490 + (-10)/(-20)*0?
9
Let v(q) be the third derivative of 47*q**4/24 - 17*q**3/3 + 22*q**2 + 2*q. What is the tens digit of v(3)?
0
Suppose 0 = -k - 3*k + 5*l - 4, -3*k + 16 = l. What is the units digit of (-1 - 70/k)*(8 + -12)?
4
Let i(u) = -5*u**2 + 33*u - 15. Let s be i(12). Let z = -85 - s. What is the hundreds digit of z?
2
Suppose 0 = 4*p - 5*u + 15 + 2, 2*p = u - 1. Suppose -p*r + 4*d = -122, -r - 3*d - 2*d + 40 = 0. What is the tens digit of r?
5
Suppose -3*t + 1 = 5*q, -t + 0 = 3. Let z(u) = 4*u + 0 + 1 - 2 - 2 + u**q. What is the units digit of z(3)?
8
Suppose -t = 14*q - 15*q + 1023, -4092 = -4*q - 5*t. What is the thousands digit of q?
1
Suppose 6*n - 12321 = -3*h + 7*n, -h + 5*n + 4093 = 0. What is the units digit of h?
8
Suppose 0 = 3*z - 4*p + 41, -4*z + p = 27 + 19. Let u be (3 - (7 + -2)) + z. Let x = u - -54. What is the units digit of x?
1
Let g be (-11 + 12)/(1/(4/1)). Suppose 373 = 3*m + g*o, -o = -2*m + m + 115. What is the tens digit of m?
1
Let l = -228 + 438. What is the units digit of l?
0
Let m(q) = 36*q**2 + 27*q + 52. What is the hundreds digit of m(-6)?
1
Let n(j) = 2*j**2 + 25*j - 35. Let m be n(17). Suppose -529 = -2*b + g - 41, 2*g - m = -4*b. What is the hundreds digit of b?
2
Suppose -31*z = -2752 - 18328. What is the hundreds digit of z?
6
Suppose u - 274 = d, d + 266 = 3*u - 6*u. Let g = d + 453. What is the tens digit of g?
8
Let q be (-2)/(-2) - (-51 - 1). Suppose 190*y + 3 = 191*y. Suppose -2 = y*f - q. What is the units digit of f?
7
What is the units digit of 56 + (8 - (13 + -7))?
8
Let o(m) = -m**2 - 3*m + 1. Let h be o(-2). Suppose 0 = -h*k + 6*k - 222. What is the units digit of k?
4
Let w(v) = v**2 - 9*v - 2. Let a be w(9). Let b(p) = 9*p**2 - 5*p - 1. What is the units digit of b(a)?
5
Let r(o) = o - 6. Let d be r(11). Suppose -5*g = -d*a, 2*g - 5*a - 1 = -16. Suppose 0*i - 140 = -g*i. What is the tens digit of i?
2
What is the tens digit of 8/20 - (520344/(-40))/11?
8
Let w(x) = x**3 - 10*x**2 - 5*x + 12. Suppose -4*p - 4 = -v + 6, 2*v + 4*p = 20. Let u be w(v). Let s = u - -82. What is the units digit of s?
4
Let h(i) = -23*i**3 + 2*i**2 + 10*i + 1. What is the hundreds digit of h(-4)?
4
Let x(p) be the first derivative of 1/3*p**3 - 6 + 4*p + p**2. What is the tens digit of x(4)?
2
Suppose -272 + 27 = -y - g, 2*g = 10. What is the hundreds digit of y?
2
Let d(p) = 1 - 2*p - 5*p + 6*p. Let j = -5 + 3. What is the units digit of d(j)?
3
Suppose 0 = -3*n + 12, -2*l - 5*n + 20 = -0*l. Suppose l*s - 980 = -10*s. What is the tens digit of s?
9
Suppose b = 2*b - 2, -4*b + 464 = -4*y. Let r = 162 + y. Let h = r - 25. What is the units digit of h?
3
Suppose 9 - 33 = o. What is the tens digit of (536/o)/((-3)/9)?
6
Let b(y) = -5*y**3 + y**2 + 8*y - 20. What is the tens digit of b(-5)?
9
Let h be -2 - 87/(-18) - 2/(-12). Suppose -4*d - a + 411 = -0*a, 0 = h*a - 9. What is the units digit of d?
2
Suppose 0 = -3*u + 55 + 35. What is the units digit of (-4)/u + 242/15 - -2?
8
Suppose 28*d - 964 = 6260. What is the units digit of d?
8
Let x = -988 - -2100. What is the hundreds digit of x?
1
Let s(k) = k**3 - 3*k**2 + k. Let t be s(1). Let m(u) = -51*u**3 - u**2 + u + 1. What is the units digit of m(t)?
0
Let u(l) = -l**2 + 4. Let b be u(-5). Let p be ((-20)/(-15))/((-4)/(-42)). What is the